(d) = -d - 8. Give f(w).
-14
Let f(c) be the third derivative of c**3 - 1/24*c**4 + 0*c - 5*c**2 + 1/10*c**5 + 0. Let m(v) be the first derivative of f(v). Determine m(-1).
-13
Let o(l) = -2*l - 1. Suppose 4*f - 100 = 5*p, 12*f - 8*f + p = 76. Let r = f + -24. Determine o(r).
7
Let h(n) be the first derivative of n**2 - n - 43. Let m be 52/6 + 4/(-6). Suppose m*y + 5*x + 15 = 3*y, -2*y + 8 = -5*x. Give h(y).
-3
Let n(y) = -y**2 - y - 15. Let t(j) = -j**3 + 7*j**2 - 6*j + 1. Let r be t(6). Let x be (1 - r)/((-1)/(-1)). What is n(x)?
-15
Let i(n) = -7*n**2 + 82*n - 129. Let j(x) = -4*x**2 + 42*x - 64. Let p(k) = -3*i(k) + 5*j(k). Let r be p(34). Let d(z) = -5*z**3 - 2*z - 1. Calculate d(r).
6
Let b(x) = 2*x - 1. Let a be b(3). Suppose -a*m = -m - 24. Let i(s) be the third derivative of s**5/60 - s**4/6 - s**3 + 2*s**2. Determine i(m).
6
Let g(w) = w**3 - 4*w**2 + w - 4. Suppose 94 = -c + 3*c. Let f = c - 43. What is g(f)?
0
Let p(y) = -y**3 + 10*y**2 + 12*y - 10. Suppose -96*a + 91*a = 4*v - 54, 5*v + 5*a = 65. Calculate p(v).
1
Let x(n) = -18*n**3 + 16*n**2 - 6*n + 12. Let v(r) = 5*r**3 - 5*r**2 + 3*r - 4. Let l(t) = 7*v(t) + 2*x(t). Determine l(-5).
1
Let x(b) = 2*b**2 - 2*b + 19. Let m be x(3). Let g(h) = -30*h - m*h + 6 + 64*h. Let q = -8 + 4. Give g(q).
-6
Let v(w) be the second derivative of -w**4/12 - 3*w + 95. Let k be (-9)/7 + (-2)/(-7). Calculate v(k).
-1
Let a(k) = 2*k - 18. Let r be a(15). Let c be r*(-4 + 21/4). Let x(i) = c*i - 6*i - 10*i + 2. Calculate x(-3).
5
Let b = 72 + -68. Suppose -26 = -5*q + b. Let v(i) = i - 6. Calculate v(q).
0
Let w(b) = 2*b + 3. Let y = 971 + -979. Determine w(y).
-13
Suppose 0 = -2*w + 7*w + 5. Let a(r) = -25*r**3 - 7*r**2 - 13*r + 6. Let j(f) = 72*f**3 + 20*f**2 + 37*f - 17. Let z(i) = -17*a(i) - 6*j(i). Determine z(w).
7
Let f(v) be the first derivative of -v**6/120 + v**5/60 + v**4/12 + v**3/6 - 5*v**2 - 16. Let u(w) be the second derivative of f(w). Calculate u(-1).
1
Let u = -51 - -49. Let n be 8/16*1*u. Let j(s) = -7*s. What is j(n)?
7
Let b(a) = a**3 + 4*a**2 - 6*a - 4. Let h be b(-5). Let n(o) = -2*o - 2*o**2 + o**3 + 5*o**2 + 10*o + h + 4*o**2. What is n(-6)?
-11
Let i(n) be the first derivative of n**6/180 + n**5/30 + n**4/8 + 7*n**3/3 - 1. Let y(t) be the third derivative of i(t). What is y(-3)?
9
Let k be ((-45)/(-36))/((-2)/(-24)). Let m(p) = -18*p + 3 + k*p - 4. Let x(t) = -t**2 + 6*t + 4. Let w be x(7). What is m(w)?
8
Let z(m) = m**3 - 5*m**2 - 23*m + 65. Let g be z(7). Let v(o) be the second derivative of 0 + 9/2*o**g - 1/20*o**5 + 4/3*o**3 - 13*o + 2/3*o**4. Give v(9).
0
Let x(f) = 2*f + 36 + 7*f - 35. What is x(-1)?
-8
Let s(h) be the first derivative of -h**7/840 + h**6/90 - h**5/60 - h**4/8 + 4*h**3/3 + 5. Let q(l) be the third derivative of s(l). Calculate q(4).
-11
Suppose -23*c + 33 = -26*c. Let b(d) = d**2 + 11*d - 16. Give b(c).
-16
Let b(p) be the second derivative of -p**4/4 + p**3/6 - p**2/2 - p. Suppose -3*f + 2*f - 7 = -3*i, -4*i + 12 = -2*f. Calculate b(i).
-3
Let m be (-4)/(-10) - 152/(-95). Let h(o) = o**3 - o**2 - 2*o - 1. Let v be h(m). Let z(i) = -2*i - 1. Determine z(v).
1
Let l(v) = -3*v**2 + 2*v**3 + 1 + v**2 + 2*v + 3*v**2. Let g be 15/10*16/6. Suppose -4*h - h + 19 = -g*o, 2*o + 5 = h. What is l(o)?
-2
Let q(h) = 3*h + 26. Let b = -891 + 878. What is q(b)?
-13
Let n(x) = -x - 2. Let l(a) = a**3 - 8*a**2 + 7*a. Let i be 7*2*3/6. Let q be l(i). What is n(q)?
-2
Let h(l) = l - 5. Let s(y) be the third derivative of 0*y + 5/3*y**3 - 3*y**2 - 1/12*y**4 + 0. Let n(b) = 7*h(b) + 3*s(b). Calculate n(5).
0
Let o(a) = -1 + 21*a + 4 - a**2 - 6 - 5 - 13*a. Suppose -3*k + 6*k - 6 = -5*r, 0 = -k + 2*r + 13. What is o(k)?
-1
Let a(y) be the first derivative of 3*y**2 + 55. What is a(-4)?
-24
Let q(j) = j**3 + 10*j**2 + 9*j + 6. Let a = 255 - 264. Give q(a).
6
Let v(o) = 3*o**2 - 4*o - 5. Let x be 0/((-1 - 2) + 1). Let h(d) = 11*d - 3*d**2 + 14 - 5*d**2 + x*d. Let m(j) = -4*h(j) - 11*v(j). Determine m(3).
-10
Let x(y) = -8*y + 2*y - 15*y. Determine x(-1).
21
Let o(i) be the second derivative of -i**5/20 + i**3/6 - 9*i**2/2 + i. Let d be (-66 - -66)/(2 + -1). Determine o(d).
-9
Let v(o) = -o**3 - 9*o**2 - 10*o + 4. Suppose 75*x = -606 + 6. What is v(x)?
20
Let k(x) be the first derivative of -x**4/2 - x**2/2 - x + 22. Let d(z) = -z**2 - 9*z - 6. Let p be d(-8). Give k(p).
-19
Let r(q) = -889*q + 5334. Let f be r(6). Let x(y) = -3*y**3 + y**2 + 2*y + 2. Let p(c) = 7*c**3 - 3*c**2 - 5*c - 5. Let k(u) = 2*p(u) + 5*x(u). Determine k(f).
0
Suppose 0 = -z - 3*o, 3*z - 3*o + 5*o = 0. Let f(h) be the second derivative of h**4/12 + h**3/6 - 7*h**2/2 - 2*h. What is f(z)?
-7
Let a(f) = -f**2 + 4*f + 5. Let h be ((-100)/(-12) - 3) + (-18)/(-27). Calculate a(h).
-7
Let k(z) = z**3 + 6*z**2 + z + 8. Let m(v) be the first derivative of -v**4/4 - 5*v**3/3 - 2*v**2 - 6*v - 9. Let f be m(-4). What is k(f)?
2
Let g(t) = 5 - 18*t + 5 + 11*t**2 + 0*t**2 + 5*t**2 - 14*t**2. Calculate g(8).
-6
Let g(n) = -n**3 + 2*n - 7*n + 17*n**2 - 7*n**2 - 4*n**2 - 5. Suppose -5*j - 10 = -3*u, u = -5*j + 1 + 9. Determine g(u).
-5
Let q(s) be the third derivative of -s**5/60 - 7*s**4/24 - 2*s**3/3 + 11*s**2 + 2. Give q(-6).
2
Let z = 21 + -17. Let f(v) = 5*v - 4. Let s(d) = -4*d + 3. Let m(b) = z*s(b) + 3*f(b). Give m(-5).
5
Let q(d) be the first derivative of 4*d**3/3 - d**2/2 + d + 99. Give q(3).
34
Suppose 0 = -90*x + 99*x + 54. Let s(p) = 5*p + 7. What is s(x)?
-23
Suppose -s + 3*j + 18 = 0, 6*j = -5*s + 2*j + 14. Let u(q) be the second derivative of -q**3/6 - 3*q. Calculate u(s).
-6
Suppose 125*x + 4 = 124*x. Let k(o) = 0 + 5*o**2 - 4*o - 6*o**2 + 1. Determine k(x).
1
Let c(k) = k**3 + 7*k**2 + 12*k + 12. Suppose 15 - 5 = -2*h. Let z be c(h). Let d(q) = 4*q. Let g(o) = o. Let x(p) = 3*d(p) - 14*g(p). What is x(z)?
-4
Let o = -628 - -610. Let y(j) = -j**2 - 20*j - 41. Determine y(o).
-5
Let g(u) = -7*u**2 - u - 1. Let x(p) = -4*p**2 - p - 1. Let s(z) = -3*g(z) + 5*x(z). Suppose -2*b + 26 = 5*l + 8, -2*l = 3*b - 16. Determine s(l).
-2
Let w(p) = p**2 - 2*p + 1. Suppose -3*j - 2*h = -0*j + 1, 3 = -5*j - 4*h. Give w(j).
0
Let t(a) = a + 8. Let y(n) = n**3 - 5*n**2 - 6*n + 6. Let x be y(6). Suppose 0 = x*u - u. Give t(u).
8
Let u(k) = -k**2 - 4*k + 2. Let i(x) = x**3 - 11*x**2 + 8*x + 16. Suppose 3 = f, 5*z = -3*f + 9 + 50. Let b be i(z). Give u(b).
2
Suppose 2 = 2*h - 8. Let p(a) = 589 + h*a**2 - 593 - 4*a**2. Calculate p(3).
5
Let z(n) = -2*n**2 + 547*n + 14. Let a(i) = i**2 - 298*i - 7. Let j(c) = -11*a(c) - 6*z(c). Let x = 12 - 6. What is j(x)?
5
Suppose c = -0*c + 1. Let p(i) = 1 + 2*i + 1 - 4 - 5*i. Let y(g) = 1. Let a(l) = c*p(l) + 3*y(l). Calculate a(2).
-5
Let d(o) = -o - 13. Let u be d(-12). Let l(a) = 12*a**2 + a**2 - 4*a**2 + 1 - a**2 + 2*a. Give l(u).
7
Let b(a) be the third derivative of a**6/40 + a**4/24 - a**3/6 - a**2. Suppose 0 = -h - 2 - 0. Let x be (-15 + 16)*(-1 - 1)/h. Calculate b(x).
3
Let p(w) = -w**2 + 2*w + 34. Let t be p(8). Let v = t + 18. Let b(c) be the second derivative of -c**5/20 + 5*c**4/12 - 5*c**3/6 - 3*c**2/2 + c. What is b(v)?
-7
Let r(i) = 4*i**2 - 2*i. Let a(t) = t**3 + 8*t**2 + 10*t + 15. Let f be a(-6). Let d = f - 29. Calculate r(d).
20
Let v(u) = -u**2 - u - 9. Suppose -15 = 2*l + 21*n - 18*n, -3*l + 5 = -n. Give v(l).
-9
Let d(v) = -1 - 163*v + 3 + 317*v - 156*v. Give d(-9).
20
Let o(n) = 4*n - 1. Let l = -62 + 72. Let t be -5 - (-112)/20 - (-4)/l. Give o(t).
3
Let d(a) be the second derivative of a**4/12 - 3*a**3/2 + 2*a**2 - a + 25. What is d(9)?
4
Let j(w) = -w**3 + 12*w**2 - 22*w + 9. Let g be j(10). Let s(i) = i**3 + 12*i**2 + 10*i - 7. Determine s(g).
4
Let j(h) be the second derivative of -h**4/12 + 4*h**3/3 + 7*h**2/2 - 4*h + 39. Calculate j(9).
-2
Let h(l) = -7*l**3 + 3*l**2 + 10*l - 13. Let y(w) = -w**3 + w - 2. Let x(q) = h(q) - 6*y(q). Calculate x(-3).
41
Let s(n) = 2*n**3 + n**2 + n + 80. Let w be s(0). Let p(z) = -39*z + z**2 - 1 - 42*z + 6 + w*z. Calculate p(4).
17
Let a(k) = k**2 + 2*k + 2. Let m be a(0). Suppose 0*f - m*f - 2 = 3*u, -6 = 3*u. Suppose f*x = 3*x + 4. Let i(t) = -t**3 - 5*t**2 - 3*t + 2. What is i(x)?
-2
Let b(y) be the third derivative of y**4/12 + 2*y**3/3 + y**2 + 12. Suppose 4 = -5*l - 11. Determine b(l).
-2
Let h(t) = t**3 - 4*t*